4.
23
Let o be ((-8)/5)/(((-2)/15)/1). Suppose -3*g = -3*z, 2*z + o = -g - 0*z. Let x = 49 - g. What is the remainder when x is divided by 14?
11
Let o = 127 - 124. Suppose o*i + 10 = 4*r + 138, -2*r = 4*i - 134. Calculate the remainder when 93 is divided by i.
21
Suppose 4*i + 0 - 8 = 0. Calculate the remainder when 2*(i + 19/2) is divided by (-20)/(-8)*1*(-24)/(-10).
5
Let v(n) = -2*n**3 + 2*n**2 - 1. Let b be v(-1). Let y = b + -7. What is the remainder when (-1)/y - 897/(-92) is divided by 3?
1
Suppose 238 + 317 = 19*x - 357. Calculate the remainder when 175 is divided by x.
31
Suppose -3*q + 749 = -4*x, -2*q = -x - x - 502. What is the remainder when q is divided by (-1 - 141/(-9))*(-6 + (-702)/(-72))?
35
Let h = -2124 + 2156. Calculate the remainder when 142 is divided by h.
14
Let f = 6494 + -6092. Calculate the remainder when f is divided by 197.
8
Let x be -60*(2 + (-42)/18). Let d be ((-32)/x)/(4/(-70)). Suppose 26*g = d*g - 50. Calculate the remainder when 68 is divided by g.
18
Let w be (-15)/20 - 1082/8. Let r be (1/4)/(-3 - 410/w). Suppose 29 = 2*y + r. Calculate the remainder when 8 is divided by y.
2
Suppose -6*r + 168 = -2*r. Let k = 66 - r. Suppose 0*f = 4*f + 5*t - 457, -3*f + 5*t + 369 = 0. What is the remainder when f is divided by k?
22
Suppose 19*j + 571 - 1 = 0. What is the remainder when (0 - -5)*70/7 is divided by (-12)/j - (-384)/15?
24
Suppose -l + 79 = h, 2*h + 353 = -368*l + 373*l. What is the remainder when 406 is divided by l?
41
Suppose -r + 0 = -1. Suppose -t - 2 = 0, -188 - 40 = -5*s - t. Calculate the remainder when s is divided by 4 + 10 + 2*r.
14
Let a be 3/(2/(-2)) + (7 - -1). Let c be 1/(-5) + 21/a + -3. What is the remainder when 56 is divided by c*12/(-9)*-15?
16
Suppose 33*x + 14188 - 62987 = 348455. What is the remainder when x is divided by 140?
138
Let w be 1156/28 + -2*4/28. Suppose w = -6*k + 497. Calculate the remainder when 301 is divided by k.
73
Let o = 15551 - 15112. What is the remainder when o is divided by 72?
7
Suppose 6*t + 81 = -3*t. Let h = t + 11. Suppose o = h*v + 54, 3*o = 7*o - v - 244. Calculate the remainder when o is divided by 21.
20
Suppose 0 = -42*j - 632 + 800. Suppose 4*x - 6 = -18. What is the remainder when (-1)/j + 1347*x/(-36) is divided by 38?
36
Let f = -12 + 35. Let m(j) = j + 11. Let b = -49 - -42. What is the remainder when f is divided by m(b)?
3
What is the remainder when 58 is divided by -1 + 12 + -10 + 34?
23
Let y = -101 + 177. Let w = 50998 + -50788. Calculate the remainder when w is divided by y.
58
Let v(x) = -x**3 - 10*x**2 + 29*x + 362. Suppose 394 = -2*r + 4*r. Calculate the remainder when r is divided by v(-9).
17
Calculate the remainder when 830 is divided by 239 + -91 - (30 + -6).
86
Suppose 7446 = 3*v - d - 18837, 0 = 2*v + 4*d - 17536. Calculate the remainder when v is divided by 23.
22
Suppose 7*g = 555 - 303. What is the remainder when g is divided by (-2)/9 + (-266)/(-63)?
0
Suppose 3*l - 15 = -3*w + 3, -2*l + 13 = 3*w. Suppose -4 = -4*r, -262 = l*n - 5*r - 767. Calculate the remainder when 396 is divided by n.
90
Let d(b) = 8*b**2 - 29*b - 4. Let w be 110/66*(3 - (-12)/(-20)). What is the remainder when 669 is divided by d(w)?
5
Suppose 4*l = -4*r + 928, -4*r - 20 = -l + 182. Calculate the remainder when l is divided by 77.
72
Suppose -40*q = -16*q - 18*q - 2364. Calculate the remainder when q is divided by 11.
9
Suppose 6*q - 29 = -4709. Calculate the remainder when 346 is divided by (q/(-50))/((-4)/(-10)).
34
Let b(l) = 3*l**2 + 85*l - 579. What is the remainder when b(10) is divided by 285?
1
Let m = -1727 - -2908. Suppose 4*w + 2*r + 209 = m, 4*r - 1218 = -5*w. What is the remainder when w is divided by 9?
8
Suppose -122*x + 96223 - 19241 = 0. What is the remainder when x is divided by 16?
7
Let x(s) = -4*s**2 + s**2 - 4 - 5 + 7 + 7*s. Let a be x(-4). Let w = a + 112. What is the remainder when w is divided by 9?
7
Let y = -727 - -1238. What is the remainder when y is divided by 27?
25
Let u = -142 - -144. Let t(z) = 19*z - 4. Suppose 0 = 3*l + l - 72. What is the remainder when t(u) is divided by l?
16
Let o be 16/(-6)*(-1 - 1 - -5). What is the remainder when 91 is divided by ((-15)/5)/(o/64)?
19
Suppose 6*g + 38 = 302. Let z(t) = -t**3 - 21*t**2 - 57*t + 46. Calculate the remainder when z(-18) is divided by g.
12
Let q(z) = z**2 + 11*z + 14. Let v be q(-9). Calculate the remainder when (5/10)/(v/(-472)) is divided by 30.
29
Suppose -5*m = -25, -5*q + 2 + 3 = -m. Suppose -5*r + 16 = -3*p - 12, -53 = 5*p - q*r. What is the remainder when 27 is divided by (-8)/(-2)*2 + (p - -13)?
7
Let p(u) = -14*u - 5. Suppose 3*c - 18 = 2*o - 3, c + o = 0. Let g(n) = 3*n - 12. Let q be g(c). What is the remainder when p(q) is divided by 12?
1
Let w be 2 + 0 + 118 + -2. Let t = w + -107. What is the remainder when 63 is divided by t?
8
Let h = 626 - 458. What is the remainder when 509 is divided by h?
5
Suppose -5*z - 490 = 4*t, -3*t - 24*z - 364 = -22*z. Let a = t - -174. Suppose o = 4*w + 36, 2*w - 40 = -5*o + 96. What is the remainder when a is divided by o?
26
Let k = 273 + -77. Suppose 14*g = -0*g - k. Let d(l) = -l**3 - 15*l**2 - 13*l + 33. What is the remainder when 74 is divided by d(g)?
17
Let z(l) = 4*l**2 + 90*l + 550. What is the remainder when 494 is divided by z(-17)?
142
Suppose -31*y - 39*y = -10990. Calculate the remainder when 425 is divided by y.
111
Let q(a) = -a - 2. Calculate the remainder when q(-13) is divided by 12 + (-298)/25 + 296/50.
5
Let b(q) = -3*q - 17. Let h = -11 - -15. Suppose h*j + 65 = 5*p, 3*j + 72 = 5*p + 2. Calculate the remainder when b(-26) is divided by p.
10
Suppose 0 = -2*f - 4*m + 18, 29 - 4 = 4*f - 3*m. Suppose -3*d = -17 - f. Suppose 0 = d*w + w - 360. What is the remainder when w is divided by 25?
15
Let d = 3208 - 2580. Calculate the remainder when d is divided by 15.
13
Suppose -11 = -5*h + 9. Suppose -h*n - 57 = 15. Calculate the remainder when 26 is divided by 2/n - (-128)/18.
5
Let m = -16 - -38. Calculate the remainder when -14 + 11 + (67 + 0)/1 is divided by m.
20
Suppose j = -10*c + 959, -145*c = -150*c - 30. Calculate the remainder when j is divided by 105.
74
Suppose 0 = 16*g - 57236 - 284. What is the remainder when g is divided by 120?
115
Suppose f + 4*f - 90 = 0. Let p = -34 + 36. What is the remainder when (132/8)/(1/p) is divided by f?
15
Let t = 6418 + -6123. What is the remainder when t is divided by 123?
49
Suppose 8*o + 752 = -1336. Let h = -226 - o. What is the remainder when 63 is divided by h?
28
Suppose -14 = -6*p + 90 - 32. What is the remainder when 2002 is divided by p?
10
What is the remainder when 671 is divided by -11 - (-126)/84*(2 - -70)?
89
Suppose -500 = -3*i + 4*t, t + 320 = -25*i + 27*i. Calculate the remainder when 28079 is divided by i.
155
Let l be ((-1 - -2)*3)/(17/(-102)). Calculate the remainder when 162/(-9)*(2 + l/4) is divided by 2 - (1 - (15 + 0)).
13
Let d = 2855 - 2765. What is the remainder when 212 is divided by d?
32
Suppose -21*k + 362 = 26. What is the remainder when 12 is divided by -5 + 36/(-3)*(-20)/k?
2
Let y = -56 - -59. Suppose -16 - 10 = 3*h - 5*u, y*u - 12 = 0. Calculate the remainder when 108 is divided by (h + 0)/((-1)/14 - 0).
24
Let l(x) = 14*x**2 - 4*x + 3. Let f = -128 - -188. Suppose -7*s = -3*s - f. Calculate the remainder when s is divided by l(1).
2
Let o = 32 + -17. Let g(k) = -25*k + 283. What is the remainder when g(10) is divided by o?
3
Let w(o) = 6*o + 3. Let c = 6619 + -6512. What is the remainder when c is divided by w(7)?
17
Suppose 292 = 4*l - 4*g, l + 25 = 5*g + 94. Let o = -75 + 50. What is the remainder when l is divided by 1*o*(-8)/8?
24
Suppose -20*g - 59639 + 331119 = 0. Calculate the remainder when g is divided by 8.
6
Suppose 92 = -2*l - 16. Let f = l + 28. Let b = 52 + f. What is the remainder when b is divided by 6?
2
Let p(x) = -x**3 + 63*x**2 - 55*x - 391. What is the remainder when 173 is divided by p(62)?
1
Let v = -2355 - -2574. Calculate the remainder when v is divided by 6.
3
Suppose -331 = -2*h - 3*n + 178, -3*n = -2*h + 467. Calculate the remainder when h is divided by 86.
72
Let t(q) = q**2 - 185*q + 189*q - 2*q**2. Let b be t(5). Calculate the remainder when (b - 0)*1 + 101 is divided by 11.
8
Suppose 0